{"id":101,"date":"2017-12-14T18:36:25","date_gmt":"2017-12-14T17:36:25","guid":{"rendered":"http:\/\/www.mobilekinderwerkstatt.de\/wpx\/?page_id=101"},"modified":"2020-03-02T21:22:17","modified_gmt":"2020-03-02T20:22:17","slug":"kindergeburtstage","status":"publish","type":"page","link":"https:\/\/www.mobilekinderwerkstatt.de\/wpx\/kindergeburtstage\/","title":{"rendered":"Kindergeburtstage"},"content":{"rendered":"<h2><em><span style=\"font-size: 24px;\"><strong>Kindergeburtstag im Werki-Bus<\/strong><\/span><\/em><\/h2>\n<h2><img loading=\"lazy\" decoding=\"async\" class=\"alignnone wp-image-26\" src=\"https:\/\/www.mobilekinderwerkstatt.de\/wpx\/wp-content\/uploads\/2017\/12\/mso1F02F-300x225.jpg\" alt=\"\" width=\"299\" height=\"224\" srcset=\"https:\/\/www.mobilekinderwerkstatt.de\/wpx\/wp-content\/uploads\/2017\/12\/mso1F02F-300x225.jpg 300w, https:\/\/www.mobilekinderwerkstatt.de\/wpx\/wp-content\/uploads\/2017\/12\/mso1F02F-768x576.jpg 768w, https:\/\/www.mobilekinderwerkstatt.de\/wpx\/wp-content\/uploads\/2017\/12\/mso1F02F-1024x768.jpg 1024w\" sizes=\"auto, (max-width: 299px) 100vw, 299px\" \/><a href=\"https:\/\/www.mobilekinderwerkstatt.de\/wpx\/wp-content\/uploads\/2018\/06\/20180516_200646-e1528895632883.jpg\"><img loading=\"lazy\" decoding=\"async\" class=\"alignright\" src=\"https:\/\/www.mobilekinderwerkstatt.de\/wpx\/wp-content\/uploads\/2018\/06\/20180516_200646-e1528895632883.jpg\" alt=\"\" width=\"200\" height=\"267\" \/><\/a><img loading=\"lazy\" decoding=\"async\" class=\"alignleft\" src=\"https:\/\/www.mobilekinderwerkstatt.de\/wpx\/wp-content\/uploads\/2018\/05\/20180427_202954-e1526225252313.jpg\" alt=\"\" width=\"201\" height=\"268\" \/><span style=\"font-size: large;\"><br \/>\n<strong>WERKi ist mit\u00a0 14 Arbeitspl\u00e4tzen ausgestattet !\u00a0\u00a0<\/strong><\/span><\/h2>\n<p>Besonders zu Kindergeburtstagen erfreut sich \u201eWERKi\u201c immer gr\u00f6\u00dferer Beliebtheit bei Kindern und Erwachsenen. F\u00fcr die Kleineren (5 Jahre) kommt \u201eWERKi\u201c f\u00fcr 1,5 Stunden, f\u00fcr Kinder ab 6 Jahren, f\u00fcr 2 Stunden zum Geburtstagskind nach Hause.<\/p>\n<p><strong>Hierf\u00fcr wird ein Stellplatz von mind.8m L\u00e4nge und ein 220V\u2013 Stromanschluss ben\u00f6tigt.<\/strong><\/p>\n<p>Vorab sollten bereits eines der Werkangebote, dem Alter entsprechend, ausgesucht werden. Bitte beachten, das hier immer nur ein Thema f\u00fcr die gesamte Gruppe gew\u00e4hlt werden kann.<\/p>\n<p>Unter fachlicher und p\u00e4dagogischer Anleitung erstellen die Geburtstagsg\u00e4ste ihr eigenes Werkst\u00fcck und nehmen es anschlie\u00dfend nat\u00fcrlich auch stolz mit nach Hause.<\/p>\n<p>Nach ca. einer Stunde wird eine kurze Trink\u2013 und Toilettenpause angeboten. Essen und Trinken im Fahrzeug ist leider nicht m\u00f6glich.<\/p>\n<p>Da die Kinder mit Holzsp\u00e4nen, N\u00e4gel, Leim und teilweise wasserfesten Stiften hantieren, wird darum gebeten, den Kindern einfache Kleidung und Schuhe anzuziehen.<\/p>\n<p><a href=\"https:\/\/www.mobilekinderwerkstatt.de\/wpx\/wp-content\/uploads\/2017\/12\/andre_flyer_kinder.png\"><img loading=\"lazy\" decoding=\"async\" class=\"alignnone wp-image-13 size-medium\" src=\"https:\/\/www.mobilekinderwerkstatt.de\/wpx\/wp-content\/uploads\/2017\/12\/andre_flyer_kinder-300x225.png\" alt=\"\" width=\"300\" height=\"225\" srcset=\"https:\/\/www.mobilekinderwerkstatt.de\/wpx\/wp-content\/uploads\/2017\/12\/andre_flyer_kinder-300x225.png 300w, https:\/\/www.mobilekinderwerkstatt.de\/wpx\/wp-content\/uploads\/2017\/12\/andre_flyer_kinder-768x577.png 768w, https:\/\/www.mobilekinderwerkstatt.de\/wpx\/wp-content\/uploads\/2017\/12\/andre_flyer_kinder-1024x769.png 1024w\" sizes=\"auto, (max-width: 300px) 100vw, 300px\" \/><\/a><a href=\"https:\/\/www.mobilekinderwerkstatt.de\/wpx\/wp-content\/uploads\/2017\/12\/bastelnde_kinder_2.jpg\"><img loading=\"lazy\" decoding=\"async\" class=\"alignnone wp-image-197\" src=\"https:\/\/www.mobilekinderwerkstatt.de\/wpx\/wp-content\/uploads\/2017\/12\/bastelnde_kinder_2.jpg\" alt=\"\" width=\"299\" height=\"225\" \/><\/a> <a href=\"https:\/\/www.mobilekinderwerkstatt.de\/wpx\/wp-content\/uploads\/2018\/05\/Screenshot_20180503-130605-e1526224575505.png\"><img loading=\"lazy\" decoding=\"async\" class=\"alignleft\" src=\"https:\/\/www.mobilekinderwerkstatt.de\/wpx\/wp-content\/uploads\/2018\/05\/Screenshot_20180503-130605-e1526224575505.png\" alt=\"\" width=\"150\" height=\"267\" \/><\/a><a href=\"https:\/\/www.mobilekinderwerkstatt.de\/wpx\/wp-content\/uploads\/2017\/12\/bastelnde_kinder_1.jpg\"><img loading=\"lazy\" decoding=\"async\" class=\"alignnone wp-image-196 size-full\" src=\"https:\/\/www.mobilekinderwerkstatt.de\/wpx\/wp-content\/uploads\/2017\/12\/bastelnde_kinder_1.jpg\" alt=\"\" width=\"250\" height=\"188\" \/><\/a> <a href=\"https:\/\/www.mobilekinderwerkstatt.de\/wpx\/wp-content\/uploads\/2017\/12\/bastelnde_kinder_3.jpg\"><img loading=\"lazy\" decoding=\"async\" class=\"alignnone wp-image-198 size-full\" src=\"https:\/\/www.mobilekinderwerkstatt.de\/wpx\/wp-content\/uploads\/2017\/12\/bastelnde_kinder_3.jpg\" alt=\"\" width=\"250\" height=\"188\" \/><\/a> <a href=\"https:\/\/www.mobilekinderwerkstatt.de\/wpx\/wp-content\/uploads\/2017\/12\/bastelnde_kinder_4.jpg\"><img loading=\"lazy\" decoding=\"async\" class=\"alignnone wp-image-199\" src=\"https:\/\/www.mobilekinderwerkstatt.de\/wpx\/wp-content\/uploads\/2017\/12\/bastelnde_kinder_4.jpg\" alt=\"\" width=\"250\" height=\"188\" \/><\/a><a href=\"https:\/\/www.mobilekinderwerkstatt.de\/wpx\/wp-content\/uploads\/2018\/06\/20180516_200524-e1528906171601.jpg\"><img loading=\"lazy\" decoding=\"async\" class=\"alignnone wp-image-23\" src=\"https:\/\/www.mobilekinderwerkstatt.de\/wpx\/wp-content\/uploads\/2017\/12\/mso1C1AE-300x225.jpg\" alt=\"\" width=\"250\" height=\"188\" srcset=\"https:\/\/www.mobilekinderwerkstatt.de\/wpx\/wp-content\/uploads\/2017\/12\/mso1C1AE-300x225.jpg 300w, https:\/\/www.mobilekinderwerkstatt.de\/wpx\/wp-content\/uploads\/2017\/12\/mso1C1AE-768x576.jpg 768w, https:\/\/www.mobilekinderwerkstatt.de\/wpx\/wp-content\/uploads\/2017\/12\/mso1C1AE-1024x768.jpg 1024w\" sizes=\"auto, (max-width: 250px) 100vw, 250px\" \/><img loading=\"lazy\" decoding=\"async\" class=\"alignnone\" src=\"https:\/\/www.mobilekinderwerkstatt.de\/wpx\/wp-content\/uploads\/2018\/06\/20180516_200524-e1528906171601.jpg\" alt=\"\" width=\"237\" height=\"316\" \/><img decoding=\"async\" class=\"aligncenter\" src=\"https:\/\/www.mobilekinderwerkstatt.de\/wpx\/wp-content\/uploads\/2018\/09\/Download-e1537721244998.png\" alt=\"\" \/><\/a><\/p>\n","protected":false},"excerpt":{"rendered":"<p>Kindergeburtstag im Werki-Bus WERKi ist mit\u00a0 14 Arbeitspl\u00e4tzen ausgestattet !\u00a0\u00a0 Besonders zu Kindergeburtstagen erfreut sich \u201eWERKi\u201c immer gr\u00f6\u00dferer Beliebtheit bei Kindern und Erwachsenen. F\u00fcr die Kleineren (5 Jahre) kommt \u201eWERKi\u201c f\u00fcr 1,5 Stunden, f\u00fcr Kinder ab 6 Jahren, f\u00fcr 2 Stunden zum Geburtstagskind nach Hause. Hierf\u00fcr wird ein Stellplatz von mind.8m L\u00e4nge und ein 220V\u2013 &hellip; <\/p>\n<p class=\"link-more\"><a href=\"https:\/\/www.mobilekinderwerkstatt.de\/wpx\/kindergeburtstage\/\" class=\"more-link\"><span class=\"screen-reader-text\">\u201eKindergeburtstage\u201c<\/span> weiterlesen<\/a><\/p>\n","protected":false},"author":1,"featured_media":0,"parent":0,"menu_order":0,"comment_status":"closed","ping_status":"closed","template":"","meta":{"footnotes":""},"class_list":["post-101","page","type-page","status-publish","hentry"],"_links":{"self":[{"href":"https:\/\/www.mobilekinderwerkstatt.de\/wpx\/wp-json\/wp\/v2\/pages\/101","targetHints":{"allow":["GET"]}}],"collection":[{"href":"https:\/\/www.mobilekinderwerkstatt.de\/wpx\/wp-json\/wp\/v2\/pages"}],"about":[{"href":"https:\/\/www.mobilekinderwerkstatt.de\/wpx\/wp-json\/wp\/v2\/types\/page"}],"author":[{"embeddable":true,"href":"https:\/\/www.mobilekinderwerkstatt.de\/wpx\/wp-json\/wp\/v2\/users\/1"}],"replies":[{"embeddable":true,"href":"https:\/\/www.mobilekinderwerkstatt.de\/wpx\/wp-json\/wp\/v2\/comments?post=101"}],"version-history":[{"count":29,"href":"https:\/\/www.mobilekinderwerkstatt.de\/wpx\/wp-json\/wp\/v2\/pages\/101\/revisions"}],"predecessor-version":[{"id":1110,"href":"https:\/\/www.mobilekinderwerkstatt.de\/wpx\/wp-json\/wp\/v2\/pages\/101\/revisions\/1110"}],"wp:attachment":[{"href":"https:\/\/www.mobilekinderwerkstatt.de\/wpx\/wp-json\/wp\/v2\/media?parent=101"}],"curies":[{"name":"wp","href":"https:\/\/api.w.org\/{rel}","templated":true}]}}