{"id":131,"date":"2017-12-08T00:16:16","date_gmt":"2017-12-07T23:16:16","guid":{"rendered":"http:\/\/www.mobilekinderwerkstatt.de\/wpx\/?page_id=131"},"modified":"2018-01-07T21:17:15","modified_gmt":"2018-01-07T20:17:15","slug":"das-werki-mobil","status":"publish","type":"page","link":"https:\/\/www.mobilekinderwerkstatt.de\/wpx\/das-werki-mobil\/","title":{"rendered":"Das Werki-Mobil"},"content":{"rendered":"<h2 class=\"rahmen\">Das &#8222;Beste&#8220;,\u00a0was Sie\u00a0zum<br \/>\nKindergeburtstag buchen k\u00f6nnen !<\/h2>\n<p><img loading=\"lazy\" decoding=\"async\" class=\"alignnone wp-image-176\" src=\"https:\/\/www.mobilekinderwerkstatt.de\/wpx\/wp-content\/uploads\/2017\/12\/Werki-1_neu800px-300x170.jpg\" alt=\"\" width=\"400\" height=\"227\" srcset=\"https:\/\/www.mobilekinderwerkstatt.de\/wpx\/wp-content\/uploads\/2017\/12\/Werki-1_neu800px-300x170.jpg 300w, https:\/\/www.mobilekinderwerkstatt.de\/wpx\/wp-content\/uploads\/2017\/12\/Werki-1_neu800px-768x436.jpg 768w, https:\/\/www.mobilekinderwerkstatt.de\/wpx\/wp-content\/uploads\/2017\/12\/Werki-1_neu800px.jpg 800w\" sizes=\"auto, (max-width: 400px) 100vw, 400px\" \/><br \/>\n&#8222;WERKi&#8220; ist eine mobile Werkstatt f\u00fcr Kinder von<br \/>\n5 -12 Jahren, die zu Ihnen nach Hause kommt. Hier<br \/>\nwerden zu unterschiedlichen Anl\u00e4ssen<br \/>\nWerkangebote durchgef\u00fchrt.<\/p>\n<p><img loading=\"lazy\" decoding=\"async\" class=\"alignnone wp-image-13\" src=\"https:\/\/www.mobilekinderwerkstatt.de\/wpx\/wp-content\/uploads\/2017\/12\/andre_flyer_kinder-300x225.png\" alt=\"\" width=\"400\" height=\"300\" srcset=\"https:\/\/www.mobilekinderwerkstatt.de\/wpx\/wp-content\/uploads\/2017\/12\/andre_flyer_kinder-300x225.png 300w, https:\/\/www.mobilekinderwerkstatt.de\/wpx\/wp-content\/uploads\/2017\/12\/andre_flyer_kinder-768x577.png 768w, https:\/\/www.mobilekinderwerkstatt.de\/wpx\/wp-content\/uploads\/2017\/12\/andre_flyer_kinder-1024x769.png 1024w\" sizes=\"auto, (max-width: 400px) 100vw, 400px\" \/><br \/>\nUnd es wird weiter gehen. Die mobile Kinderwerkstatt<br \/>\nist mit 12\/14 Arbeitspl\u00e4tzen ausgestattet; hier erleben<br \/>\nund erlernen die Kinder den Umgang mit Werkzeugen<br \/>\nder Holz\u2013 und Lederbearbeitung kennen.<\/p>\n<p>Alle Veranstaltungen finden unter fachlicher und<br \/>\np\u00e4dagogischer Anleitung ganzj\u00e4hrig im Fahrzeug statt.<\/p>\n<p><strong>Es sind lediglich ein Stellplatz von ca. 8m L\u00e4nge <\/strong><br \/>\n<strong>und ein 220V Stromanschluss notwendig.<\/strong><\/p>\n<p>&nbsp;<\/p>\n<p>&nbsp;<\/p>\n","protected":false},"excerpt":{"rendered":"<p>Das &#8222;Beste&#8220;,\u00a0was Sie\u00a0zum Kindergeburtstag buchen k\u00f6nnen ! &#8222;WERKi&#8220; ist eine mobile Werkstatt f\u00fcr Kinder von 5 -12 Jahren, die zu Ihnen nach Hause kommt. Hier werden zu unterschiedlichen Anl\u00e4ssen Werkangebote durchgef\u00fchrt. Und es wird weiter gehen. Die mobile Kinderwerkstatt ist mit 12\/14 Arbeitspl\u00e4tzen ausgestattet; hier erleben und erlernen die Kinder den Umgang mit Werkzeugen der &hellip; <\/p>\n<p class=\"link-more\"><a href=\"https:\/\/www.mobilekinderwerkstatt.de\/wpx\/das-werki-mobil\/\" class=\"more-link\"><span class=\"screen-reader-text\">\u201eDas Werki-Mobil\u201c<\/span> weiterlesen<\/a><\/p>\n","protected":false},"author":1,"featured_media":0,"parent":0,"menu_order":0,"comment_status":"closed","ping_status":"closed","template":"","meta":{"footnotes":""},"class_list":["post-131","page","type-page","status-publish","hentry"],"_links":{"self":[{"href":"https:\/\/www.mobilekinderwerkstatt.de\/wpx\/wp-json\/wp\/v2\/pages\/131","targetHints":{"allow":["GET"]}}],"collection":[{"href":"https:\/\/www.mobilekinderwerkstatt.de\/wpx\/wp-json\/wp\/v2\/pages"}],"about":[{"href":"https:\/\/www.mobilekinderwerkstatt.de\/wpx\/wp-json\/wp\/v2\/types\/page"}],"author":[{"embeddable":true,"href":"https:\/\/www.mobilekinderwerkstatt.de\/wpx\/wp-json\/wp\/v2\/users\/1"}],"replies":[{"embeddable":true,"href":"https:\/\/www.mobilekinderwerkstatt.de\/wpx\/wp-json\/wp\/v2\/comments?post=131"}],"version-history":[{"count":27,"href":"https:\/\/www.mobilekinderwerkstatt.de\/wpx\/wp-json\/wp\/v2\/pages\/131\/revisions"}],"predecessor-version":[{"id":547,"href":"https:\/\/www.mobilekinderwerkstatt.de\/wpx\/wp-json\/wp\/v2\/pages\/131\/revisions\/547"}],"wp:attachment":[{"href":"https:\/\/www.mobilekinderwerkstatt.de\/wpx\/wp-json\/wp\/v2\/media?parent=131"}],"curies":[{"name":"wp","href":"https:\/\/api.w.org\/{rel}","templated":true}]}}

<h2 class="rahmen">Das &#8222;Beste&#8220;, was Sie zum<br />
Kindergeburtstag buchen können !</h2>
<p><img loading="lazy" decoding="async" class="alignnone wp-image-176" src="https://www.mobilekinderwerkstatt.de/wpx/wp-content/uploads/2017/12/Werki-1_neu800px-300x170.jpg" alt="" width="400" height="227" srcset="https://www.mobilekinderwerkstatt.de/wpx/wp-content/uploads/2017/12/Werki-1_neu800px-300x170.jpg 300w, https://www.mobilekinderwerkstatt.de/wpx/wp-content/uploads/2017/12/Werki-1_neu800px-768x436.jpg 768w, https://www.mobilekinderwerkstatt.de/wpx/wp-content/uploads/2017/12/Werki-1_neu800px.jpg 800w" sizes="auto, (max-width: 400px) 100vw, 400px" /><br />
&#8222;WERKi&#8220; ist eine mobile Werkstatt für Kinder von<br />
5 -12 Jahren, die zu Ihnen nach Hause kommt. Hier<br />
werden zu unterschiedlichen Anlässen<br />
Werkangebote durchgeführt.</p>
<p><img loading="lazy" decoding="async" class="alignnone wp-image-13" src="https://www.mobilekinderwerkstatt.de/wpx/wp-content/uploads/2017/12/andre_flyer_kinder-300x225.png" alt="" width="400" height="300" srcset="https://www.mobilekinderwerkstatt.de/wpx/wp-content/uploads/2017/12/andre_flyer_kinder-300x225.png 300w, https://www.mobilekinderwerkstatt.de/wpx/wp-content/uploads/2017/12/andre_flyer_kinder-768x577.png 768w, https://www.mobilekinderwerkstatt.de/wpx/wp-content/uploads/2017/12/andre_flyer_kinder-1024x769.png 1024w" sizes="auto, (max-width: 400px) 100vw, 400px" /><br />
Und es wird weiter gehen. Die mobile Kinderwerkstatt<br />
ist mit 12/14 Arbeitsplätzen ausgestattet; hier erleben<br />
und erlernen die Kinder den Umgang mit Werkzeugen<br />
der Holz– und Lederbearbeitung kennen.</p>
<p>Alle Veranstaltungen finden unter fachlicher und<br />
pädagogischer Anleitung ganzjährig im Fahrzeug statt.</p>
<p><strong>Es sind lediglich ein Stellplatz von ca. 8m Länge </strong><br />
<strong>und ein 220V Stromanschluss notwendig.</strong></p>
<p>&nbsp;</p>
<p>&nbsp;</p>

<p>Das &#8222;Beste&#8220;, was Sie zum Kindergeburtstag buchen können ! &#8222;WERKi&#8220; ist eine mobile Werkstatt für Kinder von 5 -12 Jahren, die zu Ihnen nach Hause kommt. Hier werden zu unterschiedlichen Anlässen Werkangebote durchgeführt. Und es wird weiter gehen. Die mobile Kinderwerkstatt ist mit 12/14 Arbeitsplätzen ausgestattet; hier erleben und erlernen die Kinder den Umgang mit Werkzeugen der &hellip; </p>
<p class="link-more"><a href="https://www.mobilekinderwerkstatt.de/wpx/das-werki-mobil/" class="more-link"><span class="screen-reader-text">„Das Werki-Mobil“</span> weiterlesen</a></p>
