{"id":4,"date":"2017-12-07T20:50:28","date_gmt":"2017-12-07T19:50:28","guid":{"rendered":"http:\/\/www.mobilekinderwerkstatt.de\/wpx\/?page_id=4"},"modified":"2023-02-10T13:17:57","modified_gmt":"2023-02-10T12:17:57","slug":"start","status":"publish","type":"page","link":"https:\/\/www.mobilekinderwerkstatt.de\/wpx\/","title":{"rendered":"Start"},"content":{"rendered":"<h1 class=\"red\"><img loading=\"lazy\" decoding=\"async\" class=\"wp-image-22 alignnone alignright\" src=\"https:\/\/www.mobilekinderwerkstatt.de\/wpx\/wp-content\/uploads\/2017\/12\/Logos-005-300x187.jpg\" alt=\"\" width=\"209\" height=\"130\" srcset=\"https:\/\/www.mobilekinderwerkstatt.de\/wpx\/wp-content\/uploads\/2017\/12\/Logos-005-300x187.jpg 300w, https:\/\/www.mobilekinderwerkstatt.de\/wpx\/wp-content\/uploads\/2017\/12\/Logos-005-768x478.jpg 768w, https:\/\/www.mobilekinderwerkstatt.de\/wpx\/wp-content\/uploads\/2017\/12\/Logos-005.jpg 950w\" sizes=\"auto, (max-width: 209px) 100vw, 209px\" \/><\/h1>\n<p><span style=\"font-size: 32px;\"><strong>Liebe Kinder,Liebe Eltern und P\u00e4dagogen,<\/strong><\/span><\/p>\n<p>f\u00fcr mich ist die Zeit gekommen einen neuen Weg einzuschlagen.<\/p>\n<p>Aus diesem Grund schlie\u00dft die Kinderwerkstatt zum 28.02.2023.<\/p>\n<p>Vielen Dank f\u00fcr die sch\u00f6nen Werkstunden.<\/p>\n<p>Herzliche Gr\u00fc\u00dfe<\/p>\n<p>Andr\u00e9 Thiele<\/p>\n<p><span style=\"font-size: 32px;\"><strong><span style=\"color: #0000ff;\"><img decoding=\"async\" class=\"aligncenter\" src=\"https:\/\/www.mobilekinderwerkstatt.de\/wpx\/wp-content\/uploads\/2017\/12\/andre_passfoto-e1528879965794.png\" alt=\"\" \/><\/span><\/strong><\/span><\/p>\n<p>\u00a0<\/p>\n<p><img loading=\"lazy\" decoding=\"async\" class=\"aligncenter\" src=\"https:\/\/www.mobilekinderwerkstatt.de\/wpx\/wp-content\/uploads\/2019\/02\/KR_Familienkarte_Aufkleber.jpg\" alt=\"\" width=\"159\" height=\"111\" \/><\/p>\n\n\n<p><\/p>\n","protected":false},"excerpt":{"rendered":"<p>Liebe Kinder,Liebe Eltern und P\u00e4dagogen, f\u00fcr mich ist die Zeit gekommen einen neuen Weg einzuschlagen. Aus diesem Grund schlie\u00dft die Kinderwerkstatt zum 28.02.2023. Vielen Dank f\u00fcr die sch\u00f6nen Werkstunden. Herzliche Gr\u00fc\u00dfe Andr\u00e9 Thiele \u00a0<\/p>\n","protected":false},"author":1,"featured_media":0,"parent":0,"menu_order":0,"comment_status":"closed","ping_status":"closed","template":"","meta":{"footnotes":""},"class_list":["post-4","page","type-page","status-publish","hentry"],"_links":{"self":[{"href":"https:\/\/www.mobilekinderwerkstatt.de\/wpx\/wp-json\/wp\/v2\/pages\/4","targetHints":{"allow":["GET"]}}],"collection":[{"href":"https:\/\/www.mobilekinderwerkstatt.de\/wpx\/wp-json\/wp\/v2\/pages"}],"about":[{"href":"https:\/\/www.mobilekinderwerkstatt.de\/wpx\/wp-json\/wp\/v2\/types\/page"}],"author":[{"embeddable":true,"href":"https:\/\/www.mobilekinderwerkstatt.de\/wpx\/wp-json\/wp\/v2\/users\/1"}],"replies":[{"embeddable":true,"href":"https:\/\/www.mobilekinderwerkstatt.de\/wpx\/wp-json\/wp\/v2\/comments?post=4"}],"version-history":[{"count":43,"href":"https:\/\/www.mobilekinderwerkstatt.de\/wpx\/wp-json\/wp\/v2\/pages\/4\/revisions"}],"predecessor-version":[{"id":1318,"href":"https:\/\/www.mobilekinderwerkstatt.de\/wpx\/wp-json\/wp\/v2\/pages\/4\/revisions\/1318"}],"wp:attachment":[{"href":"https:\/\/www.mobilekinderwerkstatt.de\/wpx\/wp-json\/wp\/v2\/media?parent=4"}],"curies":[{"name":"wp","href":"https:\/\/api.w.org\/{rel}","templated":true}]}}

<h1 class="red"><img loading="lazy" decoding="async" class="wp-image-22 alignnone alignright" src="https://www.mobilekinderwerkstatt.de/wpx/wp-content/uploads/2017/12/Logos-005-300x187.jpg" alt="" width="209" height="130" srcset="https://www.mobilekinderwerkstatt.de/wpx/wp-content/uploads/2017/12/Logos-005-300x187.jpg 300w, https://www.mobilekinderwerkstatt.de/wpx/wp-content/uploads/2017/12/Logos-005-768x478.jpg 768w, https://www.mobilekinderwerkstatt.de/wpx/wp-content/uploads/2017/12/Logos-005.jpg 950w" sizes="auto, (max-width: 209px) 100vw, 209px" /></h1>
<p><span style="font-size: 32px;"><strong>Liebe Kinder,Liebe Eltern und Pädagogen,</strong></span></p>
<p>für mich ist die Zeit gekommen einen neuen Weg einzuschlagen.</p>
<p>Aus diesem Grund schließt die Kinderwerkstatt zum 28.02.2023.</p>
<p>Vielen Dank für die schönen Werkstunden.</p>
<p>Herzliche Grüße</p>
<p>André Thiele</p>
<p><span style="font-size: 32px;"><strong><span style="color: #0000ff;"><img decoding="async" class="aligncenter" src="https://www.mobilekinderwerkstatt.de/wpx/wp-content/uploads/2017/12/andre_passfoto-e1528879965794.png" alt="" /></span></strong></span></p>
<p> </p>
<p><img loading="lazy" decoding="async" class="aligncenter" src="https://www.mobilekinderwerkstatt.de/wpx/wp-content/uploads/2019/02/KR_Familienkarte_Aufkleber.jpg" alt="" width="159" height="111" /></p>


<p></p>

<p>Liebe Kinder,Liebe Eltern und Pädagogen, für mich ist die Zeit gekommen einen neuen Weg einzuschlagen. Aus diesem Grund schließt die Kinderwerkstatt zum 28.02.2023. Vielen Dank für die schönen Werkstunden. Herzliche Grüße André Thiele  </p>
